t d(r) = -5*r**2 + 41*r + 8. Let k(o) = g*l(o) + 2*d(o). What are the prime factors of k(-6)?
2, 5
Let v be -1 + -19*(3 + -6). Let q(p) = -p**2 - 9*p - 8. Let y be q(-6). Suppose 2*g = -y + v. List the prime factors of g.
23
Let r = -240 - -829. What are the prime factors of r?
19, 31
List the prime factors of 2/(6 - (-2832)/(-474)).
79
Let u be -4*(-1)/((-12)/(-9)). Suppose 2*m = u*a - 2*m - 93, -55 = -2*a + 5*m. Suppose -28 - a = -3*d. List the prime factors of d.
3, 7
Let y be 50/3*27/18. Suppose 2*a + 3*a = 35. Suppose -y + a = -j. List the prime factors of j.
2, 3
What are the prime factors of 1058*(-2 + (-5)/(-2))?
23
List the prime factors of 311550/217 + 1 + 5/(-7).
2, 359
Let v be 315/75 + (-2)/10. Suppose -v*g + 7 = -73. What are the prime factors of g?
2, 5
Let b = 1111 + 403. What are the prime factors of b?
2, 757
Let r(d) = d**3 + 17*d**2 - 5*d - 80. What are the prime factors of r(-15)?
5, 89
Let n(u) = -3*u**3 - u**2 + 3*u + 1. Let d be n(-2). Let x = d + 54. Let s = x - 32. What are the prime factors of s?
37
Let j be 45/(-6)*4/3. Let w = -5 - j. Suppose -w*d + 0*u = 2*u - 146, 4*d - 5*u - 97 = 0. List the prime factors of d.
2, 7
Let o(m) = 3*m**3 - 6*m**2 - 14*m + 30. What are the prime factors of o(7)?
23, 29
Suppose -a + 2 + 1 = 0, -4*a = -w + 1640. Suppose 0 = 23*y - 16*y - w. List the prime factors of y.
2, 59
Suppose -3*z - 2*j = z - 32, j - 8 = -z. Let a(c) = 8*c + 11. List the prime factors of a(z).
3, 5
Suppose 4*m + 2*z - 16 = 0, 3*z = 3*m + z + 2. Suppose 2*p = 2*i + 48, -2*p + 23 + 29 = -4*i. Suppose -m*f + 134 - p = 0. List the prime factors of f.
2, 7
Let k(u) be the second derivative of u**5/40 + u**4/12 + u**3/2 - 4*u. Let i(c) be the second derivative of k(c). What are the prime factors of i(8)?
2, 13
Suppose 3*j + 5323 = 4*i, 3*i - 3966 = -8*j + 5*j. What are the prime factors of i?
1327
Let l(h) = -28*h - 85. List the prime factors of l(-61).
3, 541
Let w(m) = -m**3 - 6*m**2 - 8*m - 6. Let r be w(-5). Let b = r - 11. List the prime factors of (1/2)/(b/(-44)).
11
Let u(v) be the first derivative of -58*v**4 + v**3 + 3*v**2/2 - 57. What are the prime factors of u(-1)?
2, 29
Let y = 894 - 412. What are the prime factors of y?
2, 241
Let s = -154 - -48. Let f = 174 + s. What are the prime factors of f?
2, 17
Let i = -610 - -3665. List the prime factors of i.
5, 13, 47
Suppose -6 = -2*k + 2*s, -2*k + 1 = 3*s - 0*s. Suppose 4*z - 484 = 4*c, -k*z - 2*c = -85 - 165. List the prime factors of z.
3, 41
Let d = -24 - -27. Let x be (-2)/(-6)*(d - -3). List the prime factors of ((3 - x) + -20)*-1.
19
Let a = -93 + 96. Suppose -g + 3*u + 83 = -36, -5*u + 329 = a*g. List the prime factors of g.
113
Let y be 2/(-5)*-10 - -45. Suppose -a + 3*v + 35 = 0, 2*a + 0*a = -v + y. List the prime factors of a.
2, 13
Let a = 8 + -17. Let j = -10 + 16. Let g = j - a. List the prime factors of g.
3, 5
Let f(p) = -p**3 + 17*p**2 + 5*p + 41. Let a be f(17). Suppose 0 = -5*w + 25, 0*h - 4*w - a = -h. List the prime factors of h.
2, 73
Let s = -2172 + 5142. List the prime factors of s.
2, 3, 5, 11
Suppose 0 = 5*s + 3*n - 5644, -2248 = -27*s + 25*s + 2*n. What are the prime factors of s?
7, 23
Let t(i) = 2*i - 6. Let b be t(4). Suppose 4*d - b*s = -52, -3*d + 2*s + 0 - 38 = 0. Let j = 7 - d. What are the prime factors of j?
3, 7
Suppose 0*n = -5*t - 3*n + 997, n - 599 = -3*t. Suppose 2*c = -5*o + 124, -o + 3*o = 4*c - t. Suppose 3*f - c = -f. List the prime factors of f.
13
Suppose -5250 = -l + 5*f, -l + f + 3323 = -1943. What are the prime factors of l?
2, 5, 17, 31
Let f be 15/(-10)*42/9. Let t(i) = i**3 + 9*i**2 + 3*i + 7. List the prime factors of t(f).
2, 3, 7
Suppose 0 = 4*s + v - 72, s - 12 = v + 6. Let b = s + -18. Suppose 3*n - 41 - 43 = b. What are the prime factors of n?
2, 7
List the prime factors of ((-12)/9 + 2)*(-7203)/(-14).
7
Suppose 5*m = 0, -3*a = -0*m + 4*m. Suppose -2*z - 564 = -4*j, z + 564 = -a*j + 4*j. List the prime factors of j.
3, 47
Suppose 3*w - 15 = -2*i - i, 3*w - 23 = i. Let j = w + 154. Suppose 4*k + 46 - j = -5*d, d + 121 = 4*k. List the prime factors of k.
2, 3, 5
Suppose a + 7 = -0. Let p(d) = -d**3 - 5*d**2 + 3*d + 6. List the prime factors of p(a).
83
What are the prime factors of -263*(-18)/(6 - 0)?
3, 263
Let t(n) = -n**2 + 16*n + 3. Let c be t(15). Let i = c - 17. Let h = i + 53. What are the prime factors of h?
2, 3
Let z(w) = 33*w + 660. List the prime factors of z(44).
2, 3, 11
Let f(v) = v**3 + 3*v**2 - 6*v - 3. Let l be f(-4). Suppose -2*j = a - 3*a + 20, -3*a + 40 = -l*j. Let p = 3 + a. What are the prime factors of p?
2
Let r be 2 - -48*(-4)/3. Let h = -115 - r. Let q = h + 100. List the prime factors of q.
47
Let n(v) = -4601*v - 168. What are the prime factors of n(-1)?
11, 13, 31
Let w(o) = -5*o**3 + 4*o**2 - o - 2. Let f(q) = -q**3 + q**2. Let u(n) = -4*f(n) + w(n). What are the prime factors of u(-3)?
2, 7
Suppose -4*k = -m - 2302, -4*k - 2870 = -9*k + 5*m. List the prime factors of k/26 - (-4)/(-26).
2, 11
Let d be (4/(-2) - 6)*3. What are the prime factors of d*(1/(1 + -2))/1?
2, 3
Suppose 7 = -3*n - 2. Let u = 7 + n. Suppose -u*v = 3*d + 4 - 30, -5*v + 50 = -5*d. List the prime factors of v.
2
Suppose 4*l - 3*k = 11, l - 5 = -l + k. Suppose z - 4*z = 0, l*v + 4*z - 12 = 0. List the prime factors of v.
2, 3
Let z(a) = 3*a**2 + 28*a + 1. What are the prime factors of z(-20)?
641
Let g be ((-1)/(-3))/(4/84). Let o = 12 - g. Suppose 5*a = 3*p + 16, 0*p - 5*p + o*a = 10. What are the prime factors of p?
3
Suppose 6*w + 15 = w. Let m(k) = k**2 - k + 2. List the prime factors of m(w).
2, 7
Let v = -14 - -24. Suppose j = v*j. Suppose y - 9*y + 272 = j. List the prime factors of y.
2, 17
Suppose 2*m = -m + 32508. Let k(p) = -p**3 + 7*p**2 + p - 11. Let y be k(7). What are the prime factors of m/204 - y/(-34)?
53
Let i be (0 - (-3)/6)*22. Let k(g) be the second derivative of -g**4/12 + 7*g**3/3 - 3*g**2 - 2*g. What are the prime factors of k(i)?
3
Let l = 8712 - 5885. List the prime factors of l.
11, 257
What are the prime factors of (-5)/(50/(-15)) - (-788)/8?
2, 5
Suppose 16*i + 150500 = 51*i. List the prime factors of i.
2, 5, 43
Let h = 76 - 71. Suppose -84 = b + h*u - 233, 3*u = -b + 145. List the prime factors of b.
139
Let t = -226 - -975. What are the prime factors of t?
7, 107
Let k = -262 + 473. What are the prime factors of k?
211
What are the prime factors of (-318)/((2/(-5))/(76/285))?
2, 53
Let z(i) = 9*i**2 + 13*i + 7. List the prime factors of z(-3).
7
Suppose 2*i - 3*w - 1469 = 0, -2*w = -13*i + 18*i - 3682. List the prime factors of i.
2, 23
Suppose 0 = 3*o + 4*z - 21, z + 12 = 2*o + 3*o. Suppose o*i - 5*l = 175, -3 - 2 = -5*l. What are the prime factors of i?
2, 3, 5
Suppose 0 = 2*n + 3*l - 113, 4*n + 5*l - 312 = -81. Suppose 29*k - n = 28*k. What are the prime factors of k?
2
Let y be -3 + 5/((-15)/(-9)). Suppose y = -15*d + 10*d + 55. What are the prime factors of d?
11
Suppose w - 5*w - 20 = -2*m, -5*m = -w - 77. Suppose 2*b = 2*u + m, 3*u + 19 + 14 = 4*b. Suppose 6*v - b*v + 87 = 0. What are the prime factors of v?
29
Suppose -84 = -j + 2*v, v = 5*j + 16 - 481. What are the prime factors of j?
2, 47
Suppose 5*r - 36*b = -32*b + 12013, 4*b - 12 = 0. What are the prime factors of r?
5, 13, 37
Suppose -p - 2*p + 5*s + 10 = 0, -6 = -3*p + 3*s. Let h(z) = 2*z + 23. Let w be h(p). Suppose w = g - 12. What are the prime factors of g?
5, 7
Let w(v) = -v**2 - 13*v + 16. Let a be w(-14). Suppose -10 = -4*r + 10, -5*r = -a*u - 275. List the prime factors of 4/24 + u/(-6).
3, 7
Let u(p) = 2787*p**2 - 17*p - 17. What are the prime factors of u(-1)?
3, 929
Suppose -23*v + 10437 = -10286. What are the prime factors of v?
17, 53
Suppose 2*k - 2 = -0*k, 4*k + 12 = 2*h. Suppose -140 = -h*w + 4*w. What are the prime factors of w?
5, 7
Let x = 11 - 7. Suppose 106 = x*o + 14. List the prime factors of o.
23
List the prime factors of (-8 - -3689)*(-5)/(-15).
3, 409
Let m = -1966 + 5198. List the prime factors of m.
2, 101
Let c = -1315 + 2967. List the prime factors of c.
2, 7, 59
Suppose 4*y - 3*t - 993 = 0, 5*y - 899 = -5*t + 316. What are the prime factors of (y - -1) + (-20)/(-5)?
251
Suppose 0 = -18*k + 16596 + 10188. List the prime factors of k.
2, 3, 31
Suppose -a + 4*a = -4*x + 322